{"id":2877,"date":"2021-05-27T15:54:17","date_gmt":"2021-05-27T18:54:17","guid":{"rendered":"http:\/\/ts.kinghost.net\/vereadora\/?page_id=2877"},"modified":"2023-12-28T16:36:21","modified_gmt":"2023-12-28T19:36:21","slug":"missao","status":"publish","type":"page","link":"https:\/\/tanisesabino.com.br\/vereadora\/conheca-a-vereadora\/missao\/","title":{"rendered":"Miss\u00e3o"},"content":{"rendered":"<div  class=\"vc_row vc-row-wrapper full_width_content\"  data-parallax_sense=\"30\"><div class=\"wpb_row row\" >\n\t<div class=\"twelve dfd_col-mobile-12 columns vc-column-extra-class-69e6572ecc941\"  data-parallax_sense=\"30\">\n\t\t<div class=\"wpb_wrapper\">\n\t\t\t<div id=\"dfd-single-image-69e6572eccd79-7013\" class=\"dfd-single-image-module  image-center  dfd-img-lazy-load\" ><img loading=\"lazy\" decoding=\"async\" src=\"data:image\/svg+xml;charset=utf-8,%3Csvg xmlns%3D'http%3A%2F%2Fwww.w3.org%2F2000%2Fsvg' viewBox%3D'0 0 2350 783'%2F%3E\" data-src=\"https:\/\/tanisesabino.com.br\/vereadora\/wp-content\/uploads\/2021\/07\/tanse-sab.jpg\" width=\"2350\" height=\"783\"  alt=\"Image module\"  \/><\/div>\n\t\t<\/div> <script type=\"text\/javascript\">(function($) {$(\"head\").append(\"<style>.columns.vc-column-extra-class-69e6572ecc941 {background-position: center center !important;}<\/style>\");})(jQuery);<\/script>\n\t<\/div> \n<\/div><\/div><div  class=\"vc_row vc-row-wrapper dfd-background-dark\"  data-parallax_sense=\"30\"><div class=\"dfd-row-bg-wrap dfd-row-bg-gradient\" id=\"dfd-grad-bg-69e6572ecdd81\"><\/div><div class=\"wpb_row row\" >\n\t<div class=\"twelve columns vc-column-extra-class-69e6572ece298\"  data-parallax_sense=\"30\">\n\t\t<div class=\"wpb_wrapper\">\n\t\t\t<div class=\"vc-row-wrapper vc_inner vc_row-fluid\"><div class=\"row wpb_row\"><div class=\"vc-column-hover-69e6572ecf485 columns four vc_custom_1626570287812\"><div class=\"wpb_wrapper\"><div class=\"dfd-spacer-module\"  data-units=\"px\" data-wide_size=\"65\" data-normal_resolution=\"1280\" data-normal_size=\"\" data-tablet_resolution=\"1024\" data-tablet_size=\"80\" data-mobile_resolution=\"800\" data-mobile_size=\"70\" style=\"height: 65px;\"><\/div><div class=\"dfd-heading-shortcode\"><div class=\"dfd-heading-module-wrap  text-center style_01 cr-animate-gen \" id=\"dfd-heading-69e6572ecfb05\" data-animate-type = \"transition.slideRightBigIn\" ><div class=\"inline-block\"><div class=\"dfd-heading-module\"><h3 class=\"dfd-title \" style=\"font-size: 31px; line-height: 39px; letter-spacing: -.4px; \">Miss\u00e3o<\/h3><\/div><\/div><\/div><script type=\"text\/javascript\">(function($) {$(\"head\").append(\"<style>#dfd-heading-69e6572ecfb05 .dfd-heading-delimiter {margin-top: 10px;margin-bottom: 10px;}@media (max-width: 1280px) and (min-width: 1024px){#dfd-heading-69e6572ecfb05 .dfd-title{font-size: 28px !important;line-height: 36px !important;}}@media (max-width: 799px){#dfd-heading-69e6572ecfb05 .dfd-title{font-size: 24px !important;letter-spacing: 0px !important;line-height: 34px !important;}}<\/style>\");})(jQuery);<\/script><\/div>\n\t<div class=\"wpb_text_column wpb_content_element  vc_custom_1642991333748\" >\n\t\t<div class=\"wpb_wrapper\">\n\t\t\t<p style=\"text-align: center;\">Compromisso com a promo\u00e7\u00e3o da sa\u00fade mental e os valores da fam\u00edlia.<\/p>\n\n\t\t<\/div> \n\t<\/div> <div class=\"dfd-spacer-module\"  data-units=\"px\" data-wide_size=\"132\" data-normal_resolution=\"1280\" data-normal_size=\"\" data-tablet_resolution=\"1024\" data-tablet_size=\"80\" data-mobile_resolution=\"800\" data-mobile_size=\"80\" style=\"height: 132px;\"><\/div><script type=\"text\/javascript\">(function($) {$(\"head\").append(\"<style>.vc-column-hover-69e6572ecf485 {-webkit-box-shadow: none;-moz-box-shadow: none;-o-box-shadow: none;box-shadow: none;}.vc-column-hover-69e6572ecf485:hover {-webkit-box-shadow: 0px 15px 50px 0px rgba(0,0,0,0.35);-moz-box-shadow: 0px 15px 50px 0px rgba(0,0,0,0.35);-o-box-shadow: 0px 15px 50px 0px rgba(0,0,0,0.35);box-shadow: 0px 15px 50px 0px rgba(0,0,0,0.35); z-index: 1;}<\/style>\");})(jQuery);<\/script><\/div><\/div><div class=\"vc-column-hover-69e6572ed03d9 columns four vc_custom_1626570303676\"><div class=\"wpb_wrapper\"><div class=\"dfd-spacer-module\"  data-units=\"px\" data-wide_size=\"65\" data-normal_resolution=\"1280\" data-normal_size=\"\" data-tablet_resolution=\"1024\" data-tablet_size=\"80\" data-mobile_resolution=\"800\" data-mobile_size=\"70\" style=\"height: 65px;\"><\/div><div class=\"dfd-heading-shortcode\"><div class=\"dfd-heading-module-wrap  text-center style_01 cr-animate-gen \" id=\"dfd-heading-69e6572ed080d\" data-animate-type = \"transition.slideRightBigIn\" ><div class=\"inline-block\"><div class=\"dfd-heading-module\"><h3 class=\"dfd-title \" style=\"font-size: 31px; line-height: 39px; letter-spacing: -.4px; \">Vis\u00e3o<\/h3><\/div><\/div><\/div><script type=\"text\/javascript\">(function($) {$(\"head\").append(\"<style>#dfd-heading-69e6572ed080d .dfd-heading-delimiter {margin-top: 10px;margin-bottom: 10px;}@media (max-width: 1280px) and (min-width: 1024px){#dfd-heading-69e6572ed080d .dfd-title{font-size: 28px !important;line-height: 36px !important;}}@media (max-width: 799px){#dfd-heading-69e6572ed080d .dfd-title{font-size: 24px !important;letter-spacing: 0px !important;line-height: 34px !important;}}<\/style>\");})(jQuery);<\/script><\/div>\n\t<div class=\"wpb_text_column wpb_content_element  vc_custom_1642991368946\" >\n\t\t<div class=\"wpb_wrapper\">\n\t\t\t<p style=\"text-align: center;\">Ser refer\u00eancia como parlamentar em prol de pol\u00edticas p\u00fablicas da sa\u00fade mental.<\/p>\n\n\t\t<\/div> \n\t<\/div> <div class=\"dfd-spacer-module\"  data-units=\"px\" data-wide_size=\"132\" data-normal_resolution=\"1280\" data-normal_size=\"\" data-tablet_resolution=\"1024\" data-tablet_size=\"80\" data-mobile_resolution=\"800\" data-mobile_size=\"80\" style=\"height: 132px;\"><\/div><script type=\"text\/javascript\">(function($) {$(\"head\").append(\"<style>.vc-column-hover-69e6572ed03d9 {-webkit-box-shadow: none;-moz-box-shadow: none;-o-box-shadow: none;box-shadow: none;}.vc-column-hover-69e6572ed03d9:hover {-webkit-box-shadow: 0px 15px 50px 0px rgba(0,0,0,0.35);-moz-box-shadow: 0px 15px 50px 0px rgba(0,0,0,0.35);-o-box-shadow: 0px 15px 50px 0px rgba(0,0,0,0.35);box-shadow: 0px 15px 50px 0px rgba(0,0,0,0.35); z-index: 1;}<\/style>\");})(jQuery);<\/script><\/div><\/div><div class=\"vc-column-hover-69e6572ed0e8a columns four vc_custom_1626570317012\"><div class=\"wpb_wrapper\"><div class=\"dfd-spacer-module\"  data-units=\"px\" data-wide_size=\"65\" data-normal_resolution=\"1280\" data-normal_size=\"\" data-tablet_resolution=\"1024\" data-tablet_size=\"80\" data-mobile_resolution=\"800\" data-mobile_size=\"70\" style=\"height: 65px;\"><\/div><div class=\"dfd-heading-shortcode\"><div class=\"dfd-heading-module-wrap  text-center style_01 cr-animate-gen \" id=\"dfd-heading-69e6572ed12f3\" data-animate-type = \"transition.slideRightBigIn\" ><div class=\"inline-block\"><div class=\"dfd-heading-module\"><h3 class=\"dfd-title \" style=\"font-size: 31px; line-height: 39px; letter-spacing: -.4px; \">Valores<\/h3><\/div><\/div><\/div><script type=\"text\/javascript\">(function($) {$(\"head\").append(\"<style>#dfd-heading-69e6572ed12f3 .dfd-heading-delimiter {margin-top: 10px;margin-bottom: 10px;}@media (max-width: 1280px) and (min-width: 1024px){#dfd-heading-69e6572ed12f3 .dfd-title{font-size: 28px !important;line-height: 36px !important;}}@media (max-width: 799px){#dfd-heading-69e6572ed12f3 .dfd-title{font-size: 24px !important;letter-spacing: 0px !important;line-height: 34px !important;}}<\/style>\");})(jQuery);<\/script><\/div>\n\t<div class=\"wpb_text_column wpb_content_element \" >\n\t\t<div class=\"wpb_wrapper\">\n\t\t\t<p style=\"text-align: center;\">\u2022 F\u00e9 e fam\u00edlia<br \/>\n\u2022 Trabalho e gest\u00e3o<br \/>\n\u2022 Solidariedade<br \/>\n\u2022 Esperan\u00e7a<br \/>\n\u2022 Humildade<br \/>\n\u2022 Respeito e gratid\u00e3o<\/p>\n\n\t\t<\/div> \n\t<\/div> <div class=\"dfd-spacer-module\"  data-units=\"px\" data-wide_size=\"25\" data-normal_resolution=\"1280\" data-normal_size=\"\" data-tablet_resolution=\"1024\" data-tablet_size=\"80\" data-mobile_resolution=\"800\" data-mobile_size=\"70\" style=\"height: 25px;\"><\/div><script type=\"text\/javascript\">(function($) {$(\"head\").append(\"<style>.vc-column-hover-69e6572ed0e8a {-webkit-box-shadow: none;-moz-box-shadow: none;-o-box-shadow: none;box-shadow: none;}.vc-column-hover-69e6572ed0e8a:hover {-webkit-box-shadow: 0px 15px 50px 0px rgba(0,0,0,0.35);-moz-box-shadow: 0px 15px 50px 0px rgba(0,0,0,0.35);-o-box-shadow: 0px 15px 50px 0px rgba(0,0,0,0.35);box-shadow: 0px 15px 50px 0px rgba(0,0,0,0.35); z-index: 1;}<\/style>\");})(jQuery);<\/script><\/div><\/div><\/div><\/div>\n\t\t<\/div> \n\t<\/div> \n<\/div><script type=\"text\/javascript\">(function($) {$(\"head\").append(\"<style>#dfd-grad-bg-69e6572ecdd81{background: background: url(data:image\/svg+xml;base64,PHN2ZyB4bWxucz0iaHR0cDovL3d3dy53My5vcmcvMjAwMC9zdmciPjxkZWZzPjxsaW5lYXJHcmFkaWVudCBpZD0iZ3JhZGllbnQiIHgxPSIwJSIgeTE9IjAlIiB4Mj0iMCUiIHkyPSIxMDAlIj48c3RvcCBvZmZzZXQ9IjAlIiBzdHlsZT0ic3RvcC1jb2xvcjojM0I1NEU2OyIgLz48c3RvcCBvZmZzZXQ9IjI4JSIgc3R5bGU9InN0b3AtY29sb3I6IzNCNTRFNjsiIC8+PHN0b3Agb2Zmc2V0PSI2NCUiIHN0eWxlPSJzdG9wLWNvbG9yOiMwQjExNDk7IiAvPjxzdG9wIG9mZnNldD0iMTAwJSIgc3R5bGU9InN0b3AtY29sb3I6IzBCMTE0OTsiIC8+PC9saW5lYXJHcmFkaWVudD48L2RlZnM+PHJlY3QgZmlsbD0idXJsKCNncmFkaWVudCkiIGhlaWdodD0iMTAwJSIgd2lkdGg9IjEwMCUiIC8+PC9zdmc+);background: -webkit-gradient(linear, left top, left bottom, color-stop(0%, #3B54E6), color-stop(28%, #3B54E6), color-stop(64%, #0B1149), color-stop(100%, #0B1149));background: -moz-linear-gradient(left,#3B54E6 0%,#3B54E6 28%,#0B1149 64%,#0B1149 100%);background: -webkit-linear-gradient(left,#3B54E6 0%,#3B54E6 28%,#0B1149 64%,#0B1149 100%);background: -o-linear-gradient(left,#3B54E6 0%,#3B54E6 28%,#0B1149 64%,#0B1149 100%);background: -ms-linear-gradient(left,#3B54E6 0%,#3B54E6 28%,#0B1149 64%,#0B1149 100%);background: linear-gradient(left,#3B54E6 0%,#3B54E6 28%,#0B1149 64%,#0B1149 100%);;;}<\/style>\");})(jQuery);<\/script><\/div><div  class=\"vc_row vc-row-wrapper \"  data-parallax_sense=\"30\"><div class=\"wpb_row row\" >\n\t<div class=\"twelve columns vc-column-extra-class-69e6572ed1ec3\"  data-parallax_sense=\"30\">\n\t\t<div class=\"wpb_wrapper\">\n\t\t\t<div class=\"dfd-spacer-module\"  data-units=\"px\" data-wide_size=\"80\" data-normal_resolution=\"1280\" data-normal_size=\"\" data-tablet_resolution=\"1024\" data-tablet_size=\"80\" data-mobile_resolution=\"800\" data-mobile_size=\"70\" style=\"height: 80px;\"><\/div>\n\t\t<\/div> \n\t<\/div> \n<\/div><\/div><div  class=\"vc_row vc-row-wrapper vc-row-responsive-69e6572ed2436\"  data-parallax_sense=\"30\"><div class=\"wpb_row row\" >\n\t<div class=\"three columns vc-column-extra-class-69e6572ed281f\"  data-parallax_sense=\"30\">\n\t\t<div class=\"wpb_wrapper\">\n\t\t\t<div id=\"dfd-single-image-69e6572ed2b79-1622\" class=\"dfd-single-image-module  image-center  dfd-img-lazy-load\" ><img loading=\"lazy\" decoding=\"async\" src=\"data:image\/svg+xml;charset=utf-8,%3Csvg xmlns%3D'http%3A%2F%2Fwww.w3.org%2F2000%2Fsvg' viewBox%3D'0 0 322 491'%2F%3E\" data-src=\"https:\/\/tanisesabino.com.br\/vereadora\/wp-content\/uploads\/2021\/07\/tanise-sabino-planejamento-1.jpg\" width=\"322\" height=\"491\"  alt=\"Image module\"  \/><\/div><div class=\"dfd-spacer-module\"  data-units=\"px\" data-wide_size=\"25\" data-normal_resolution=\"1280\" data-normal_size=\"25\" data-tablet_resolution=\"1024\" data-tablet_size=\"25\" data-mobile_resolution=\"800\" data-mobile_size=\"25\" style=\"height: 25px;\"><\/div>\n\t\t<\/div> <script type=\"text\/javascript\">(function($) {$(\"head\").append(\"<style>@media (max-width: 1280px) and (min-width: 1024px){.columns.vc-column-extra-class-69e6572ed281f{padding-left: 20px !important;padding-right: 20px !important;}}@media (max-width: 1023px) and (min-width: 800px){.columns.vc-column-extra-class-69e6572ed281f{padding-left: 20px !important;padding-right: 20px !important;}}@media (max-width: 799px){.columns.vc-column-extra-class-69e6572ed281f{padding-left: 20px !important;padding-right: 20px !important;}}<\/style>\");})(jQuery);<\/script>\n\t<\/div> \n\n\t<div class=\"nine columns vc-column-extra-class-69e6572ed33e9\"  data-parallax_sense=\"30\">\n\t\t<div class=\"wpb_wrapper\">\n\t\t\t<div class=\"dfd-heading-shortcode\"><div class=\"dfd-heading-module-wrap  text-left style_09 cr-animate-gen \" id=\"dfd-heading-69e6572ed36cb\" data-animate-type = \"transition.expandIn\" ><div class=\"inline-block\"><div class=\"dfd-heading-module\"><div class=\"title-wrap\"><h2 class=\"dfd-title \" style=\"font-size: 28px; line-height: 35px; letter-spacing: -1.5px; \">Diretrizes estrat\u00e9gicas do mandato:<\/h2><\/div><\/div><\/div><\/div><script type=\"text\/javascript\">(function($) {$(\"head\").append(\"<style>#dfd-heading-69e6572ed36cb .dfd-heading-delimiter {margin-top: 10px;margin-bottom: 10px;}@media (max-width: 799px){#dfd-heading-69e6572ed36cb .dfd-title{font-size: 24px !important;line-height: 32px !important;}}@media (max-width: 799px){#dfd-heading-69e6572ed36cb .dfd-sub-title{font-size: 13px !important;}}<\/style>\");})(jQuery);<\/script><\/div><div class=\"dfd-spacer-module\"  data-units=\"px\" data-wide_size=\"25\" data-normal_resolution=\"1280\" data-normal_size=\"25\" data-tablet_resolution=\"1024\" data-tablet_size=\"25\" data-mobile_resolution=\"800\" data-mobile_size=\"25\" style=\"height: 25px;\"><\/div>\n\t<div class=\"wpb_text_column wpb_content_element  vc_custom_1703810279471 cr-animate-gen\" data-animate-type = \"transition.fadeIn\" >\n\t\t<div class=\"wpb_wrapper\">\n\t\t\t<p>\u2022 Todos somos servidores p\u00fablicos. Nosso cliente \u00e9 o cidad\u00e3o.<br \/>\n\u2022 Incentivo a forma\u00e7\u00e3o e capacita\u00e7\u00e3o profissional.<br \/>\n\u2022 Feedback e avalia\u00e7\u00e3o de desempenho s\u00e3o pr\u00e1ticas constantes do trabalho.<br \/>\n\u2022 Trate as pessoas como gostaria de ser tratado. A empatia \u00e9 a chave dos relacionamentos.<br \/>\n\u2022 Crescer e contribuir.<br \/>\n\u2022 Somos agentes de transforma\u00e7\u00e3o e mudan\u00e7a na sociedade.<br \/>\n\u2022 Atendimento, trabalho e gest\u00e3o com excel\u00eancia s\u00e3o os pilares do mandato.<br \/>\n\u2022 Humildade. N\u00e3o importa o cargo que cada um exer\u00e7a na equipe. Humildade.<br \/>\n\u2022 A comunica\u00e7\u00e3o com o cidad\u00e3o \u00e9 prioridade. Sempre, dar retorno as pessoas.<br \/>\n\u2022 Fiscalizar as pol\u00edticas p\u00fablicas e as a\u00e7\u00f5es do Munic\u00edpio.<br \/>\n\u2022 Sempre ouvir os segmentos envolvidos na elabora\u00e7\u00e3o de projetos de leis.<br \/>\n\u2022 Tenha sempre em mente: o que eu estou fazendo para contribuir para o avan\u00e7o de Porto Alegre?<br \/>\n\u2022 Inserir a sa\u00fade mental na agenda de Porto Alegre.<\/p>\n\n\t\t<\/div> \n\t<\/div> \n\t\t<\/div> \n\t<\/div> \n<\/div><script type=\"text\/javascript\">(function($) {$(\"head\").append(\"<style>@media (max-width: 799px){.vc-row-wrapper.vc-row-responsive-69e6572ed2436{padding-left: 20px !important;padding-right: 20px !important;}}<\/style>\");})(jQuery);<\/script><\/div><div  class=\"vc_row vc-row-wrapper \"  data-parallax_sense=\"30\"><div class=\"wpb_row row\" >\n\t<div class=\"twelve columns vc-column-extra-class-69e6572ed41be\"  data-parallax_sense=\"30\">\n\t\t<div class=\"wpb_wrapper\">\n\t\t\t<div class=\"dfd-spacer-module\"  data-units=\"px\" data-wide_size=\"80\" data-normal_resolution=\"1280\" data-normal_size=\"\" data-tablet_resolution=\"1024\" data-tablet_size=\"80\" data-mobile_resolution=\"800\" data-mobile_size=\"70\" style=\"height: 80px;\"><\/div>\n\t\t<\/div> \n\t<\/div> \n<\/div><\/div><div  class=\"vc_row vc-row-wrapper full_width_content\"  data-parallax_sense=\"30\"><div class=\"wpb_row row\" >\n\t<div class=\"four columns vc-column-extra-class-69e6572ed4a2d vc_custom_1477379008214\"  data-parallax_sense=\"30\">\n\t\t<div class=\"wpb_wrapper\">\n\t\t\t<div id=\"dfd-simple_adv-69e6572ed4df6\" class=\"dfd-simple-advertisement  hover_enable dfd-fade-out style-7  cr-animate-gen  dfd-img-lazy-load  panr\" data-animate-type = \"transition.slideRightBigIn\"  ><div class=\"cover \"><div class=\"image-wrap\"><a href=\"http:\/\/www.tanisesabino.com.br\/vereadora\/frentes-parlamentares\/\"    class=\"full-box-link\"><\/a><div class=\"content-wrap\"><div class=\"content-level2\"><div class=\"content-level3\"><h4 class=\"box-title \" style=\"color: #ffffff !important; \">Frentes Parlamentares<\/h4><div class=\"box-info\" style=\"font-family:Montserrat; \">Acesse agora<\/div><\/div><\/div><\/div><div class=\"image-cover\"><span class=\"img_wrapper\"><img loading=\"lazy\" decoding=\"async\" src=\"data:image\/svg+xml;charset=utf-8,%3Csvg xmlns%3D'http%3A%2F%2Fwww.w3.org%2F2000%2Fsvg' viewBox%3D'0 0 800 500'%2F%3E\" data-src=\"https:\/\/tanisesabino.com.br\/vereadora\/wp-content\/uploads\/2021\/06\/cv-4-800x500.jpg\" width=\"800\" height=\"500\" class=\"simple-banner-image\" alt=\"Banner image\"  \/><\/span><\/div><div class=\"entry-thumb\"><div class=\"entry-hover\"><\/div><\/div><\/div><\/div><script type=\"text\/javascript\">(function($) {$(\"head\").append(\"<style>@media (max-width: 1280px) and (min-width: 1024px){#dfd-simple_adv-69e6572ed4df6.dfd-simple-advertisement .box-title{font-size: 20px !important;line-height: 26px !important;}}@media (max-width: 1023px) and (min-width: 800px){#dfd-simple_adv-69e6572ed4df6.dfd-simple-advertisement .box-title{font-size: 18px !important;line-height: 24px !important;}}@media (max-width: 799px){#dfd-simple_adv-69e6572ed4df6.dfd-simple-advertisement .box-title{font-size: 20px !important;line-height: 26px !important;}}#dfd-simple_adv-69e6572ed4df6 .entry-thumb .entry-hover:before,#dfd-simple_adv-69e6572ed4df6 .dfd-3d-parallax:hover .cover .thumb-wrap:before {opacity: 0.5 !important;}#dfd-simple_adv-69e6572ed4df6 .box-info {text-transform: uppercase;}<\/style>\");})(jQuery);<\/script><\/div>\n\t\t<\/div> \n\t<\/div> \n\n\t<div class=\"four columns vc-column-extra-class-69e6572ed589a vc_custom_1477379012282\"  data-parallax_sense=\"30\">\n\t\t<div class=\"wpb_wrapper\">\n\t\t\t<div id=\"dfd-simple_adv-69e6572ed5bfe\" class=\"dfd-simple-advertisement  hover_enable dfd-fade-out style-7  cr-animate-gen  dfd-img-lazy-load  panr\" data-animate-type = \"transition.expandIn\"  ><div class=\"cover \"><div class=\"image-wrap\"><a href=\"http:\/\/www.tanisesabino.com.br\/vereadora\/conheca-a-vereadora\/campanha-de-valorizacao-da-vida\/\"    class=\"full-box-link\"><\/a><div class=\"content-wrap\"><div class=\"content-level2\"><div class=\"content-level3\"><h4 class=\"box-title \" style=\"color: #ffffff !important; \">Campanha de<br \/>\nValoriza\u00e7\u00e3o da Vida<\/h4><div class=\"box-info\" style=\"font-family:Montserrat; font-weight:400; font-style:normal; \">Acesse agora<\/div><\/div><\/div><\/div><div class=\"image-cover\"><span class=\"img_wrapper\"><img loading=\"lazy\" decoding=\"async\" src=\"data:image\/svg+xml;charset=utf-8,%3Csvg xmlns%3D'http%3A%2F%2Fwww.w3.org%2F2000%2Fsvg' viewBox%3D'0 0 800 500'%2F%3E\" data-src=\"https:\/\/tanisesabino.com.br\/vereadora\/wp-content\/uploads\/2021\/06\/cv-3-800x500.jpg\" width=\"800\" height=\"500\" class=\"simple-banner-image\" alt=\"Banner image\"  \/><\/span><\/div><div class=\"entry-thumb\"><div class=\"entry-hover\"><\/div><\/div><\/div><\/div><script type=\"text\/javascript\">(function($) {$(\"head\").append(\"<style>@media (max-width: 1280px) and (min-width: 1024px){#dfd-simple_adv-69e6572ed5bfe.dfd-simple-advertisement .box-title{font-size: 20px !important;line-height: 26px !important;}}@media (max-width: 1023px) and (min-width: 800px){#dfd-simple_adv-69e6572ed5bfe.dfd-simple-advertisement .box-title{font-size: 18px !important;line-height: 24px !important;}}@media (max-width: 799px){#dfd-simple_adv-69e6572ed5bfe.dfd-simple-advertisement .box-title{font-size: 20px !important;line-height: 26px !important;}}#dfd-simple_adv-69e6572ed5bfe .entry-thumb .entry-hover:before,#dfd-simple_adv-69e6572ed5bfe .dfd-3d-parallax:hover .cover .thumb-wrap:before {opacity: 0.5 !important;}#dfd-simple_adv-69e6572ed5bfe .box-info {text-transform: uppercase;}<\/style>\");})(jQuery);<\/script><\/div>\n\t\t<\/div> \n\t<\/div> \n\n\t<div class=\"four columns vc-column-extra-class-69e6572ed6286 vc_custom_1477379017130\"  data-parallax_sense=\"30\">\n\t\t<div class=\"wpb_wrapper\">\n\t\t\t<div id=\"dfd-simple_adv-69e6572ed65b7\" class=\"dfd-simple-advertisement  hover_enable dfd-fade-out style-7  cr-animate-gen  dfd-img-lazy-load  panr\" data-animate-type = \"transition.slideLeftBigIn\"  ><div class=\"cover \"><div class=\"image-wrap\"><a href=\"http:\/\/www.tanisesabino.com.br\/vereadora\/acesse-agora\/ajuda-psicologica\/\"    class=\"full-box-link\"><\/a><div class=\"content-wrap\"><div class=\"content-level2\"><div class=\"content-level3\"><h4 class=\"box-title \" style=\"color: #ffffff !important; \">Ajuda Psicol\u00f3gica<\/h4><div class=\"box-info\" style=\"font-family:Montserrat; font-weight:400; font-style:normal; \">Acesse agora<\/div><\/div><\/div><\/div><div class=\"image-cover\"><span class=\"img_wrapper\"><img loading=\"lazy\" decoding=\"async\" src=\"data:image\/svg+xml;charset=utf-8,%3Csvg xmlns%3D'http%3A%2F%2Fwww.w3.org%2F2000%2Fsvg' viewBox%3D'0 0 800 500'%2F%3E\" data-src=\"https:\/\/tanisesabino.com.br\/vereadora\/wp-content\/uploads\/2021\/06\/cv-5-800x500.jpg\" width=\"800\" height=\"500\" class=\"simple-banner-image\" alt=\"Banner image\"  \/><\/span><\/div><div class=\"entry-thumb\"><div class=\"entry-hover\"><\/div><\/div><\/div><\/div><script type=\"text\/javascript\">(function($) {$(\"head\").append(\"<style>@media (max-width: 1280px) and (min-width: 1024px){#dfd-simple_adv-69e6572ed65b7.dfd-simple-advertisement .box-title{font-size: 20px !important;line-height: 26px !important;}}@media (max-width: 1023px) and (min-width: 800px){#dfd-simple_adv-69e6572ed65b7.dfd-simple-advertisement .box-title{font-size: 18px !important;line-height: 24px !important;}}@media (max-width: 799px){#dfd-simple_adv-69e6572ed65b7.dfd-simple-advertisement .box-title{font-size: 20px !important;line-height: 26px !important;}}#dfd-simple_adv-69e6572ed65b7 .entry-thumb .entry-hover:before,#dfd-simple_adv-69e6572ed65b7 .dfd-3d-parallax:hover .cover .thumb-wrap:before {opacity: 0.5 !important;}#dfd-simple_adv-69e6572ed65b7 .box-info {text-transform: uppercase;}<\/style>\");})(jQuery);<\/script><\/div>\n\t\t<\/div> \n\t<\/div> \n<\/div><\/div>\n","protected":false},"excerpt":{"rendered":"Miss\u00e3o Compromisso com a promo\u00e7\u00e3o da sa\u00fade mental e os valores da fam\u00edlia. Vis\u00e3o Ser refer\u00eancia como parlamentar em prol de pol\u00edticas p\u00fablicas da sa\u00fade mental. Valores \u2022 F\u00e9 e","protected":false},"author":1,"featured_media":0,"parent":2852,"menu_order":0,"comment_status":"closed","ping_status":"closed","template":"tmp-page.php","meta":{"footnotes":""},"class_list":["post-2877","page","type-page","status-publish","hentry"],"_links":{"self":[{"href":"https:\/\/tanisesabino.com.br\/vereadora\/wp-json\/wp\/v2\/pages\/2877","targetHints":{"allow":["GET"]}}],"collection":[{"href":"https:\/\/tanisesabino.com.br\/vereadora\/wp-json\/wp\/v2\/pages"}],"about":[{"href":"https:\/\/tanisesabino.com.br\/vereadora\/wp-json\/wp\/v2\/types\/page"}],"author":[{"embeddable":true,"href":"https:\/\/tanisesabino.com.br\/vereadora\/wp-json\/wp\/v2\/users\/1"}],"replies":[{"embeddable":true,"href":"https:\/\/tanisesabino.com.br\/vereadora\/wp-json\/wp\/v2\/comments?post=2877"}],"version-history":[{"count":120,"href":"https:\/\/tanisesabino.com.br\/vereadora\/wp-json\/wp\/v2\/pages\/2877\/revisions"}],"predecessor-version":[{"id":25213,"href":"https:\/\/tanisesabino.com.br\/vereadora\/wp-json\/wp\/v2\/pages\/2877\/revisions\/25213"}],"up":[{"embeddable":true,"href":"https:\/\/tanisesabino.com.br\/vereadora\/wp-json\/wp\/v2\/pages\/2852"}],"wp:attachment":[{"href":"https:\/\/tanisesabino.com.br\/vereadora\/wp-json\/wp\/v2\/media?parent=2877"}],"curies":[{"name":"wp","href":"https:\/\/api.w.org\/{rel}","templated":true}]}}