{"id":2897,"date":"2021-05-27T16:10:30","date_gmt":"2021-05-27T19:10:30","guid":{"rendered":"http:\/\/ts.kinghost.net\/vereadora\/?page_id=2897"},"modified":"2021-07-23T16:00:54","modified_gmt":"2021-07-23T19:00:54","slug":"banco-de-ideias","status":"publish","type":"page","link":"https:\/\/tanisesabino.com.br\/vereadora\/acesse-agora\/banco-de-ideias\/","title":{"rendered":"Banco de Ideias"},"content":{"rendered":"<div  class=\"vc_row vc-row-wrapper full_width_content\"  data-parallax_sense=\"30\"><div class=\"wpb_row row\" >\n\t<div class=\"twelve dfd_col-mobile-12 columns vc-column-extra-class-69e6572cb8b4b\"  data-parallax_sense=\"30\">\n\t\t<div class=\"wpb_wrapper\">\n\t\t\t<div id=\"dfd-single-image-69e6572cb8f20-4298\" class=\"dfd-single-image-module  image-center dfd-image-shadow dfd-img-lazy-load\" ><img loading=\"lazy\" decoding=\"async\" src=\"data:image\/svg+xml;charset=utf-8,%3Csvg xmlns%3D'http%3A%2F%2Fwww.w3.org%2F2000%2Fsvg' viewBox%3D'0 0 2350 783'%2F%3E\" data-src=\"https:\/\/tanisesabino.com.br\/vereadora\/wp-content\/uploads\/2021\/07\/tanse-sab.jpg\" width=\"2350\" height=\"783\"  alt=\"Image module\"  \/><script type=\"text\/javascript\">(function($) {$(\"head\").append(\"<style>#dfd-single-image-69e6572cb8f20-4298.dfd-image-shadow img {-webkit-box-shadow: 0px 15px 50px 0px rgba(15,2,2,0.37);-moz-box-shadow: 0px 15px 50px 0px rgba(15,2,2,0.37);-o-box-shadow: 0px 15px 50px 0px rgba(15,2,2,0.37);box-shadow: 0px 15px 50px 0px rgba(15,2,2,0.37);}#dfd-single-image-69e6572cb8f20-4298.dfd-image-shadow:hover img {-webkit-box-shadow: 0px 15px 50px 0px rgba(0,0,0,0.35);-moz-box-shadow: 0px 15px 50px 0px rgba(0,0,0,0.35);-o-box-shadow: 0px 15px 50px 0px rgba(0,0,0,0.35);box-shadow: 0px 15px 50px 0px rgba(0,0,0,0.35);}<\/style>\");})(jQuery);<\/script><\/div>\n\t\t<\/div> <script type=\"text\/javascript\">(function($) {$(\"head\").append(\"<style>.columns.vc-column-extra-class-69e6572cb8b4b {background-position: center center !important;}<\/style>\");})(jQuery);<\/script>\n\t<\/div> \n<\/div><\/div><div  class=\"vc_row vc-row-wrapper vc-row-responsive-69e6572cb970e\"  data-parallax_sense=\"30\"><div class=\"wpb_row row\" >\n\t<div class=\"twelve columns vc-column-extra-class-69e6572cb9ae8\"  data-parallax_sense=\"30\">\n\t\t<div class=\"wpb_wrapper\">\n\t\t\t<div class=\"dfd-spacer-module\"  data-units=\"px\" data-wide_size=\"60\" data-normal_resolution=\"1280\" data-normal_size=\"100\" data-tablet_resolution=\"1024\" data-tablet_size=\"80\" data-mobile_resolution=\"800\" data-mobile_size=\"70\" style=\"height: 60px;\"><\/div><div class=\"dfd-heading-shortcode\"><div class=\"dfd-heading-module-wrap  text-center style_02 cr-animate-gen \" id=\"dfd-heading-69e6572cba04b\" data-animate-type = \"transition.expandIn\" ><div class=\"inline-block\"><div class=\"dfd-heading-module\"><h6 class=\"dfd-sub-title \" style=\"font-size: 12px; color: #545454 !important; \">Sua ideia pode virar lei<\/h6><h2 class=\"dfd-title \" style=\"font-size: 37px; line-height: 44px; letter-spacing: -1.5px; \">Banco de Ideias<\/h2><\/div><\/div><\/div><script type=\"text\/javascript\">(function($) {$(\"head\").append(\"<style>#dfd-heading-69e6572cba04b .dfd-heading-delimiter {margin-top: 10px;margin-bottom: 10px;}@media (max-width: 1023px) and (min-width: 800px){#dfd-heading-69e6572cba04b .dfd-title{font-size: 32px !important;line-height: 38px !important;}}@media (max-width: 799px){#dfd-heading-69e6572cba04b .dfd-title{font-size: 22px !important;line-height: 30px !important;}}@media (max-width: 799px){#dfd-heading-69e6572cba04b .dfd-sub-title{font-size: 10px !important;}}<\/style>\");})(jQuery);<\/script><\/div><div class=\"dfd-spacer-module\"  data-units=\"px\" data-wide_size=\"50\" data-normal_resolution=\"1280\" data-normal_size=\"45\" data-tablet_resolution=\"1024\" data-tablet_size=\"40\" data-mobile_resolution=\"800\" data-mobile_size=\"40\" style=\"height: 50px;\"><\/div>\n\t\t<\/div> <script type=\"text\/javascript\">(function($) {$(\"head\").append(\"<style>@media (max-width: 1280px) and (min-width: 1024px){.columns.vc-column-extra-class-69e6572cb9ae8{padding-left: 20px !important;padding-right: 20px !important;}}@media (max-width: 1023px) and (min-width: 800px){.columns.vc-column-extra-class-69e6572cb9ae8{padding-left: 20px !important;padding-right: 20px !important;}}@media (max-width: 799px){.columns.vc-column-extra-class-69e6572cb9ae8{padding-left: 20px !important;padding-right: 20px !important;}}<\/style>\");})(jQuery);<\/script>\n\t<\/div> \n<\/div><script type=\"text\/javascript\">(function($) {$(\"head\").append(\"<style>@media (max-width: 799px){.vc-row-wrapper.vc-row-responsive-69e6572cb970e{border-right-width: 20px !important;padding-left: 20px !important;}}<\/style>\");})(jQuery);<\/script><\/div><div  class=\"vc_row vc-row-wrapper vc-row-responsive-69e6572cba7d2 vc_custom_1626706363629\"  data-parallax_sense=\"30\"><div class=\"wpb_row row\" >\n\t<div class=\"twelve columns vc-column-extra-class-69e6572cbac8d\"  data-parallax_sense=\"30\">\n\t\t<div class=\"wpb_wrapper\">\n\t\t\t<div class=\"vc-row-wrapper vc_inner vc_row-fluid\"><div class=\"row wpb_row\"><div class=\"vc-column-hover-69e6572cbbba6 columns twelve\"><div class=\"wpb_wrapper\">\n\t<div class=\"wpb_text_column wpb_content_element \" >\n\t\t<div class=\"wpb_wrapper\">\n\t\t\t<p class=\"fs-lg font-weight-light text-justify texto2\">Uma das tarefas do Vereador \u00e9 legislar. E n\u00f3s, s\u00f3 acreditamos na pol\u00edtica, se ela for exercida de forma participativa, democr\u00e1tica e aumentando o controle social. Pensando nisso, o mandato da Vereadora Psic\u00f3loga Tanise Sabino, criou mais um espa\u00e7o de intera\u00e7\u00e3o. \u00c9 o nosso &#8220;Banco de Ideias&#8221;!<\/p>\n<p class=\"fs-lg font-weight-light text-justify mb-4\">Esse \u00e9 um espa\u00e7o virtual onde recebemos ideias de leis, de a\u00e7\u00f5es e sugest\u00f5es para que nosso trabalho esteja cada vez mais em sintonia com as vozes que v\u00eam da rua. Para mandar a sua sugest\u00e3o \u00e9 muito f\u00e1cil: \u00e9 s\u00f3 preencher os seus dados e explicar qual \u00e9 a sua proposta.<\/p>\n<p>Compartilhe suas ideias, opini\u00f5es e pontos de vista a respeito dos desafios de nossa sociedade.\u00a0Preencha com aten\u00e7\u00e3o o formul\u00e1rio e envie para n\u00f3s. Todas as ideias ser\u00e3o avaliadas, respondidas e poder\u00e3o contribuir para Projetos de Lei no futuro.<\/p>\n\n\t\t<\/div> \n\t<\/div> <div class=\"dfd-spacer-module\"  data-units=\"px\" data-wide_size=\"30\" data-normal_resolution=\"1024\" data-normal_size=\"\" data-tablet_resolution=\"800\" data-tablet_size=\"\" data-mobile_resolution=\"480\" data-mobile_size=\"\" style=\"height: 30px;\"><\/div><\/div><\/div><\/div><\/div>\n\t\t<\/div> \n\t<\/div> \n<\/div><script type=\"text\/javascript\">(function($) {$(\"head\").append(\"<style>@media (max-width: 799px){.vc-row-wrapper.vc-row-responsive-69e6572cba7d2{padding-left: 20px !important;padding-right: 20px !important;}}<\/style>\");})(jQuery);<\/script><\/div><div  class=\"vc_row vc-row-wrapper vc-row-responsive-69e6572cbc637\"  data-parallax_sense=\"30\"><div class=\"wpb_row row\" >\n\t<div class=\"six columns vc-column-extra-class-69e6572cbc9b1\"  data-parallax_sense=\"30\">\n\t\t<div class=\"wpb_wrapper\">\n\t\t\t<script type=\"text\/javascript\">\r\n\t(function($){\r\n\t\ttry {\r\n\t\t\tglobal_dfd.init($)\r\n\t\t\tdfdreCaptcha.el = [\r\n\t\t\t];\r\n\t\t\tdfdreCaptcha.widgets = [\r\n\t\t\t];\r\n\t\t\tdfdreCaptcha.show();\r\n\r\n\t\t\t$('form.wpcf7-form select').dropkick();\r\n\t\t} catch(e) {\r\n\t\t}\r\n\t\t$('head').append('<style type=\"text\/css\">#cf_69e6572cbd7c8 .dfd-contact-form-style-1 textarea{border:transparent;padding-left: 0px;}#cf_69e6572cbd7c8 .dfd-contact-form-style-compact p.last{margin-bottom: 0px;border-bottom-color: transparent;border-bottom-width: 0;} #cf_69e6572cbd7c8 .dfd-half-size{width:50%;}#cf_69e6572cbd7c8 .padding-left{padding-right: 10px;}#cf_69e6572cbd7c8 .padding-right{padding-left: 10px;}#cf_69e6572cbd7c8 .padding-center{padding:0 10px;} #cf_69e6572cbd7c8 .dfd-contact-form-style-1 .right-border{border-style: solid;z-index: 34;}#cf_69e6572cbd7c8 .dfd-contact-form-style-1 .top-border{border-style: solid;z-index: 34;}#cf_69e6572cbd7c8 .dfd-contact-form-style-1 .left-border{border-style: solid;z-index: 34;}#cf_69e6572cbd7c8 span.wpcf7-form-control-wrap span:not(&quot;.req_text&quot;){min-height:47px;height:47px;display: table;vertical-align: middle;width: 100%;}#cf_69e6572cbd7c8 .dfd-contact-form-style-compact .margin-left-1 .checkboxgroup{}#cf_69e6572cbd7c8 .dfd-contact-form-style-1 .border-bottom{border: none;}#cf_69e6572cbd7c8 .dfd-contact-form-style-1 .wpcf7-form-control-wrap{border-style : solid;}#cf_69e6572cbd7c8.preset3 .dfd-contact-form-style-1 .wpcf7-form-control-wrap{border-bottom-width : px;}#cf_69e6572cbd7c8.preset3 .dfd-contact-form-style-1 .right-border{border-right-width : px;}#cf_69e6572cbd7c8.preset3 .dfd-contact-form-style-1 .top-border{border-top-width : px;}#cf_69e6572cbd7c8.preset3 .dfd-contact-form-style-1 .left-border{border-left-width : px;}#cf_69e6572cbd7c8 .box{;}#cf_69e6572cbd7c8 p:not(.form_button) input, #cf_69e6572cbd7c8 p:not(.form_button) textarea{}#cf_69e6572cbd7c8 .dfd-contact-form-style-compact .checkboxgroup{padding-left: 15px;}#cf_69e6572cbd7c8 .checkboxgroup{display: table-cell;&lt;!--vertical-align: middle;--&gt;height: 42px;position: relative;}#cf_69e6572cbd7c8 .checkbox input[type=\\'checkbox\\']{min-height: 42px;width: inherit;}#cf_69e6572cbd7c8 .checkbox input[type=\\'checkbox\\']:before{}#cf_69e6572cbd7c8 .checkbox input[type=\\'radio\\']{margin-right: 15px;min-height: 37px;width:inherit;}#cf_69e6572cbd7c8 .checkbox input{border-color:transparent;background: none !important;}#cf_69e6572cbd7c8 .checkbox{display: inline-table;vertical-align: middle;padding-right: 12px;} .checkbox input{top:0px;}#cf_69e6572cbd7c8 .checkbox .c_value{display: table-cell;height:42px;vertical-align: middle;}#cf_69e6572cbd7c8 .checkbox .c_value label{height:42px;display: table-cell;vertical-align: middle;font-weight: inherit;}#cf_69e6572cbd7c8 .border-bottom{border-bottom: none !important;border-bottom-style: solid;}#cf_69e6572cbd7c8 .border-right{border-right: none !important;border-right-style: solid;}#cf_69e6572cbd7c8 .border-left{ border-left-style: solid;}#cf_69e6572cbd7c8 .border-top{border-top-style: solid;}#cf_69e6572cbd7c8 p:not(.form_button) input, #cf_69e6572cbd7c8 p:not(.form_button) textarea{ border-style:solid !important;margin-bottom: 0px;z-index:0;position :relative;}#cf_69e6572cbd7c8 .checkbox span{font-weight: 400;}#cf_69e6572cbd7c8 ::-webkit-input-placeholder {}#cf_69e6572cbd7c8 :-moz-placeholder {}#cf_69e6572cbd7c8 input[type=&quot;checkbox&quot;]{float: none;top: inherit;}#cf_69e6572cbd7c8 .radio_el{text-align: center;width: 100%;display: block;}#cf_69e6572cbd7c8 .radio_el label{margin-right: 8px;}#cf_69e6572cbd7c8iframe{margin: 0 auto;display: block;}#cf_69e6572cbd7c8.captcha div{width: 100% !important;}#cf_69e6572cbd7c8 p span.reloadCap:hover{color: rgb(39, 40, 42);cursor: pointer;}#cf_69e6572cbd7c8 .form_button{margin-bottom: 0px;}.checkbox input{float: left;}#cf_69e6572cbd7c8 .wpcf7-submit{margin:0 auto;text-align: center;}#cf_69e6572cbd7c8 input:hover.wpcf7-submit{}#cf_69e6572cbd7c8 .dk-selected{ border-style:solid !important;position: relative;}#cf_69e6572cbd7c8 .dk_container{ border-style:solid !important;position: relative;z-index: 1;margin-bottom: 0px;vertical-align: middle;display: table-cell !important;margin-top: 0px;width: 100%;}#cf_69e6572cbd7c8 .dk_container a,#cf_69e6572cbd7c8 .dk-select a{}#cf_69e6572cbd7c8 .dk_container .dk_toggle{height: 47px;line-height: 21px;}#cf_69e6572cbd7c8 .dk_open .dk_options,#cf_69e6572cbd7c8 .dk-select-open-down .dk-select-options,#cf_69e6572cbd7c8 .dk-select-open-up .dk-select-options{}#cf_69e6572cbd7c8 img.ajax-loader{float: right;top: 19px;right: 5px;position: absolute;z-index: 59;border: none !important;} #cf_69e6572cbd7c8 .wpcf7-response-output{margin: 0;}#cf_69e6572cbd7c8 .recaptcha{margin-top: 6px;}<\/style>');\r\n\t})(jQuery);\r\n<\/script>\r\n\r\n\t\t<div class=\"wpb_wrapper \" >\r\n\t\t\t<div class=\"wpcf7\">\r\n\t\t\t\t<div class=\"\">\r\n\t\t\t\t\t<form action=\"\" method=\"post\" id=\"cf_69e6572cbd7c8\" class=\"wpcf7-form dfd_contact_form preset1  hover_style_input_shadow_appear hover_style_input2_simple  cf_69e6572cbd7c8\" >\r\n\t\t\t\t\t\t<div class=\"container\">\r\n\t\t\t\t\t\t\t\t\t\t\t\t\t\t<div class=\"\">\r\n\t\t\t\t\t\t\t\t<input type='hidden' name='template' value='form_builder'><input type='hidden' name='formid' value='69e6572cbd7c8'><input type=\"hidden\" id=\"dfd_nonce_69e6572cbd7c8\" name=\"dfd_nonce_69e6572cbd7c8\" value=\"24885a5cca\" \/><input type=\"hidden\" name=\"_wp_http_referer\" value=\"\/vereadora\/wp-json\/wp\/v2\/pages\/2897\" \/><div class=\"box  dfd-third-size-elements\"><p class=\"border-bottom dfd-half-size padding-left border-right\">\r\n\t\t\t\t\t\t\t<span class=\"wpcf7-form-control-wrap \">\r\n\t\t\t\t\t\t\t\t<span class=\"label_text\"><label>Nome<\/label><span class='req_text'>*<\/span><\/span><input type=\"text\" name=\"text_name-1-1\" value=\"\" >\r\n\t\t\t\t\t\t\t<\/span> \r\n\t\t\t\t\t\t <\/p><p class=\"border-bottom dfd-half-size padding-right margin-left-1  \">\r\n\t\t\t\t\t\t\t<span class=\"wpcf7-form-control-wrap \">\r\n\t\t\t\t\t\t\t\t<span class=\"label_text\"><label>Email<\/label><\/span><input type=\"text\" name=\"email-1-2\" value=\"\" >\r\n\t\t\t\t\t\t\t<\/span> \r\n\t\t\t\t\t\t <\/p> <div class=\"clear\"><\/div><p class=\"border-bottom dfd-third-size padding-left border-right\">\r\n\t\t\t\t\t\t\t<span class=\"wpcf7-form-control-wrap \">\r\n\t\t\t\t\t\t\t\t<span class=\"label_text\"><label>Endere\u00e7o<\/label><\/span><input type=\"text\" name=\"text_name-2-1\" value=\"\" >\r\n\t\t\t\t\t\t\t<\/span> \r\n\t\t\t\t\t\t <\/p><p class=\"border-bottom dfd-third-size padding-center margin-left-1  border-right\">\r\n\t\t\t\t\t\t\t<span class=\"wpcf7-form-control-wrap \">\r\n\t\t\t\t\t\t\t\t<span class=\"label_text\"><label>Cidade e Estado<\/label><\/span><input type=\"text\" name=\"text_name-2-2\" value=\"\" >\r\n\t\t\t\t\t\t\t<\/span> \r\n\t\t\t\t\t\t <\/p><p class=\"border-bottom dfd-third-size padding-right margin-left-1  \">\r\n\t\t\t\t\t\t\t<span class=\"wpcf7-form-control-wrap \">\r\n\t\t\t\t\t\t\t\t<span class=\"label_text\"><label>Telefone<\/label><\/span><input type=\"text\" name=\"telephone-2-3\" value=\"\" >\r\n\t\t\t\t\t\t\t<\/span> \r\n\t\t\t\t\t\t <\/p> <div class=\"clear\"><\/div><p class=\"border-bottom   \">\r\n\t\t\t\t\t\t\t<span class=\"wpcf7-form-control-wrap \">\r\n\t\t\t\t\t\t\t\t<span class=\"label_text\"><label>Facebook ou Instagram<\/label><\/span><input type=\"text\" name=\"text_name-3-1\" value=\"\" >\r\n\t\t\t\t\t\t\t<\/span> \r\n\t\t\t\t\t\t <\/p> <div class=\"clear\"><\/div><p class=\"border-bottom   \">\r\n\t\t\t\t\t\t\t<span class=\"wpcf7-form-control-wrap \">\r\n\t\t\t\t\t\t\t\t<span class=\"label_text\"><label>Como voc\u00ea ficou conhecendo o trabalho da Vereadora Tanise Sabino? <\/label><\/span><input type=\"text\" name=\"text_name-4-1\" value=\"\" >\r\n\t\t\t\t\t\t\t<\/span> \r\n\t\t\t\t\t\t <\/p> <div class=\"clear\"><\/div><p class=\"border-bottom   \">\r\n\t\t\t\t\t\t\t<span class=\"wpcf7-form-control-wrap \">\r\n\t\t\t\t\t\t\t\t<span class=\"label_text\"><label>Qual \u00e9 a sua ideia? Escreva abaixo sobre a sua ideia, projeto de lei, etc. Fale porque ela seria importante, a quem beneficiaria e como isso iria acontecer. Fale tamb\u00e9m sobre voc\u00ea e porque voc\u00ea pensou nessa proposta.<\/label><\/span><textarea  rows=\"8\"  name=\"textarea_name-5-1\" ><\/textarea>\r\n\t\t\t\t\t\t\t<\/span> \r\n\t\t\t\t\t\t <\/p> <div class=\"clear\"><\/div><\/div>\t\t<p class=\" form_button\" style=\"margin:0 auto; float: inherit;\">\r\n\t\t\t<input type=\"submit\" value=\"Enviar Mensagem\" class=\"wpcf7-submit\">\r\n\t\t<\/p>\r\n\t\t<div class=\"clear\"><\/div>\r\n\t\t\t\t\t\t\t\t\t<\/div>\r\n\t\t\t\t\t\t<\/div>\r\n\t\t\t\t\t\t\t\t\t\t\t\t\t\t\t\t<div class=\"wpcf7-response-output wpcf7-display-none wpcf7-validation-errors\"><span><\/span><i class=\"dfd-socicon-cross-24\"><\/i><\/div>\r\n\t\t\t\t\t<\/form>\r\n\t\t\t\t<\/div>\r\n\t\t\t<\/div>\r\n\t\t<\/div>\r\n\t\t\r\n\n\t\t<\/div> \n\t<\/div> \n\n\t<div class=\"six columns vc-column-extra-class-69e6572cbdc6c\"  data-parallax_sense=\"30\">\n\t\t<div class=\"wpb_wrapper\">\n\t\t\t<div id=\"dfd-single-image-69e6572cbdf1c-3650\" class=\"dfd-single-image-module  image-center  dfd-img-lazy-load\" ><img loading=\"lazy\" decoding=\"async\" src=\"data:image\/svg+xml;charset=utf-8,%3Csvg xmlns%3D'http%3A%2F%2Fwww.w3.org%2F2000%2Fsvg' viewBox%3D'0 0 659 485'%2F%3E\" data-src=\"https:\/\/tanisesabino.com.br\/vereadora\/wp-content\/uploads\/2021\/07\/arq.jpg\" width=\"659\" height=\"485\"  alt=\"Image module\"  \/><\/div>\n\t\t<\/div> \n\t<\/div> \n<\/div><script type=\"text\/javascript\">(function($) {$(\"head\").append(\"<style>@media (max-width: 799px){.vc-row-wrapper.vc-row-responsive-69e6572cbc637{padding-left: 20px !important;padding-right: 20px !important;}}<\/style>\");})(jQuery);<\/script><\/div><div  class=\"vc_row vc-row-wrapper \"  data-parallax_sense=\"30\"><div class=\"wpb_row row\" >\n\t<div class=\"twelve columns vc-column-extra-class-69e6572cbe951\"  data-parallax_sense=\"30\">\n\t\t<div class=\"wpb_wrapper\">\n\t\t\t<div class=\"dfd-spacer-module\"  data-units=\"px\" data-wide_size=\"50\" data-normal_resolution=\"1024\" data-normal_size=\"\" data-tablet_resolution=\"800\" data-tablet_size=\"\" data-mobile_resolution=\"480\" data-mobile_size=\"\" style=\"height: 50px;\"><\/div>\n\t\t<\/div> \n\t<\/div> \n<\/div><\/div><div  class=\"vc_row vc-row-wrapper vc-row-responsive-69e6572cbee03 full_width_content\"  data-parallax_sense=\"30\"><div class=\"wpb_row row\" >\n\t<div class=\"four columns vc-column-extra-class-69e6572cbf14e vc_custom_1477379008214\"  data-parallax_sense=\"30\">\n\t\t<div class=\"wpb_wrapper\">\n\t\t\t<div id=\"dfd-simple_adv-69e6572cbf530\" class=\"dfd-simple-advertisement  hover_enable dfd-fade-out style-7  cr-animate-gen  dfd-img-lazy-load  panr\" data-animate-type = \"transition.slideRightBigIn\"  ><div class=\"cover \"><div class=\"image-wrap\"><a href=\"http:\/\/www.tanisesabino.com.br\/vereadora\/frentes-parlamentares\/\"    class=\"full-box-link\"><\/a><div class=\"content-wrap\"><div class=\"content-level2\"><div class=\"content-level3\"><h4 class=\"box-title \" style=\"color: #ffffff !important; \">Frentes Parlamentares<\/h4><div class=\"box-info\" style=\"font-family:Montserrat; \">Acesse agora<\/div><\/div><\/div><\/div><div class=\"image-cover\"><span class=\"img_wrapper\"><img loading=\"lazy\" decoding=\"async\" src=\"data:image\/svg+xml;charset=utf-8,%3Csvg xmlns%3D'http%3A%2F%2Fwww.w3.org%2F2000%2Fsvg' viewBox%3D'0 0 800 500'%2F%3E\" data-src=\"https:\/\/tanisesabino.com.br\/vereadora\/wp-content\/uploads\/2021\/06\/cv-4-800x500.jpg\" width=\"800\" height=\"500\" class=\"simple-banner-image\" alt=\"Banner image\"  \/><\/span><\/div><div class=\"entry-thumb\"><div class=\"entry-hover\"><\/div><\/div><\/div><\/div><script type=\"text\/javascript\">(function($) {$(\"head\").append(\"<style>@media (max-width: 1280px) and (min-width: 1024px){#dfd-simple_adv-69e6572cbf530.dfd-simple-advertisement .box-title{font-size: 20px !important;line-height: 26px !important;}}@media (max-width: 1023px) and (min-width: 800px){#dfd-simple_adv-69e6572cbf530.dfd-simple-advertisement .box-title{font-size: 18px !important;line-height: 24px !important;}}@media (max-width: 799px){#dfd-simple_adv-69e6572cbf530.dfd-simple-advertisement .box-title{font-size: 20px !important;line-height: 26px !important;}}#dfd-simple_adv-69e6572cbf530 .entry-thumb .entry-hover:before,#dfd-simple_adv-69e6572cbf530 .dfd-3d-parallax:hover .cover .thumb-wrap:before {opacity: 0.5 !important;}#dfd-simple_adv-69e6572cbf530 .box-info {text-transform: uppercase;}<\/style>\");})(jQuery);<\/script><\/div>\n\t\t<\/div> \n\t<\/div> \n\n\t<div class=\"four columns vc-column-extra-class-69e6572cbfd0c vc_custom_1477379012282\"  data-parallax_sense=\"30\">\n\t\t<div class=\"wpb_wrapper\">\n\t\t\t<div id=\"dfd-simple_adv-69e6572cc0081\" class=\"dfd-simple-advertisement  hover_enable dfd-fade-out style-7  cr-animate-gen  dfd-img-lazy-load  panr\" data-animate-type = \"transition.expandIn\"  ><div class=\"cover \"><div class=\"image-wrap\"><a href=\"http:\/\/www.tanisesabino.com.br\/vereadora\/conheca-a-vereadora\/campanha-de-valorizacao-da-vida\/\"    class=\"full-box-link\"><\/a><div class=\"content-wrap\"><div class=\"content-level2\"><div class=\"content-level3\"><h4 class=\"box-title \" style=\"color: #ffffff !important; \">Campanha de<br \/>\nValoriza\u00e7\u00e3o da Vida<\/h4><div class=\"box-info\" style=\"font-family:Montserrat; font-weight:400; font-style:normal; \">Acesse agora<\/div><\/div><\/div><\/div><div class=\"image-cover\"><span class=\"img_wrapper\"><img loading=\"lazy\" decoding=\"async\" src=\"data:image\/svg+xml;charset=utf-8,%3Csvg xmlns%3D'http%3A%2F%2Fwww.w3.org%2F2000%2Fsvg' viewBox%3D'0 0 800 500'%2F%3E\" data-src=\"https:\/\/tanisesabino.com.br\/vereadora\/wp-content\/uploads\/2021\/06\/cv-3-800x500.jpg\" width=\"800\" height=\"500\" class=\"simple-banner-image\" alt=\"Banner image\"  \/><\/span><\/div><div class=\"entry-thumb\"><div class=\"entry-hover\"><\/div><\/div><\/div><\/div><script type=\"text\/javascript\">(function($) {$(\"head\").append(\"<style>@media (max-width: 1280px) and (min-width: 1024px){#dfd-simple_adv-69e6572cc0081.dfd-simple-advertisement .box-title{font-size: 20px !important;line-height: 26px !important;}}@media (max-width: 1023px) and (min-width: 800px){#dfd-simple_adv-69e6572cc0081.dfd-simple-advertisement .box-title{font-size: 18px !important;line-height: 24px !important;}}@media (max-width: 799px){#dfd-simple_adv-69e6572cc0081.dfd-simple-advertisement .box-title{font-size: 20px !important;line-height: 26px !important;}}#dfd-simple_adv-69e6572cc0081 .entry-thumb .entry-hover:before,#dfd-simple_adv-69e6572cc0081 .dfd-3d-parallax:hover .cover .thumb-wrap:before {opacity: 0.5 !important;}#dfd-simple_adv-69e6572cc0081 .box-info {text-transform: uppercase;}<\/style>\");})(jQuery);<\/script><\/div>\n\t\t<\/div> \n\t<\/div> \n\n\t<div class=\"four columns vc-column-extra-class-69e6572cc06f2 vc_custom_1477379017130\"  data-parallax_sense=\"30\">\n\t\t<div class=\"wpb_wrapper\">\n\t\t\t<div id=\"dfd-simple_adv-69e6572cc0a7c\" class=\"dfd-simple-advertisement  hover_enable dfd-fade-out style-7  cr-animate-gen  dfd-img-lazy-load  panr\" data-animate-type = \"transition.slideLeftBigIn\"  ><div class=\"cover \"><div class=\"image-wrap\"><a href=\"http:\/\/www.tanisesabino.com.br\/vereadora\/acesse-agora\/ajuda-psicologica\/\"    class=\"full-box-link\"><\/a><div class=\"content-wrap\"><div class=\"content-level2\"><div class=\"content-level3\"><h4 class=\"box-title \" style=\"color: #ffffff !important; \">Ajuda Psicol\u00f3gica<\/h4><div class=\"box-info\" style=\"font-family:Montserrat; font-weight:400; font-style:normal; \">Acesse agora<\/div><\/div><\/div><\/div><div class=\"image-cover\"><span class=\"img_wrapper\"><img loading=\"lazy\" decoding=\"async\" src=\"data:image\/svg+xml;charset=utf-8,%3Csvg xmlns%3D'http%3A%2F%2Fwww.w3.org%2F2000%2Fsvg' viewBox%3D'0 0 800 500'%2F%3E\" data-src=\"https:\/\/tanisesabino.com.br\/vereadora\/wp-content\/uploads\/2021\/06\/cv-5-800x500.jpg\" width=\"800\" height=\"500\" class=\"simple-banner-image\" alt=\"Banner image\"  \/><\/span><\/div><div class=\"entry-thumb\"><div class=\"entry-hover\"><\/div><\/div><\/div><\/div><script type=\"text\/javascript\">(function($) {$(\"head\").append(\"<style>@media (max-width: 1280px) and (min-width: 1024px){#dfd-simple_adv-69e6572cc0a7c.dfd-simple-advertisement .box-title{font-size: 20px !important;line-height: 26px !important;}}@media (max-width: 1023px) and (min-width: 800px){#dfd-simple_adv-69e6572cc0a7c.dfd-simple-advertisement .box-title{font-size: 18px !important;line-height: 24px !important;}}@media (max-width: 799px){#dfd-simple_adv-69e6572cc0a7c.dfd-simple-advertisement .box-title{font-size: 20px !important;line-height: 26px !important;}}#dfd-simple_adv-69e6572cc0a7c .entry-thumb .entry-hover:before,#dfd-simple_adv-69e6572cc0a7c .dfd-3d-parallax:hover .cover .thumb-wrap:before {opacity: 0.5 !important;}#dfd-simple_adv-69e6572cc0a7c .box-info {text-transform: uppercase;}<\/style>\");})(jQuery);<\/script><\/div>\n\t\t<\/div> \n\t<\/div> \n<\/div><script type=\"text\/javascript\">(function($) {$(\"head\").append(\"<style>@media (max-width: 799px){.vc-row-wrapper.vc-row-responsive-69e6572cbee03{padding-left: 20px !important;padding-right: 20px !important;}}<\/style>\");})(jQuery);<\/script><\/div>\n","protected":false},"excerpt":{"rendered":"Sua ideia pode virar leiBanco de Ideias Uma das tarefas do Vereador \u00e9 legislar. E n\u00f3s, s\u00f3 acreditamos na pol\u00edtica, se ela for exercida de forma participativa, democr\u00e1tica e aumentando","protected":false},"author":1,"featured_media":0,"parent":2889,"menu_order":0,"comment_status":"closed","ping_status":"closed","template":"tmp-page.php","meta":{"footnotes":""},"class_list":["post-2897","page","type-page","status-publish","hentry"],"_links":{"self":[{"href":"https:\/\/tanisesabino.com.br\/vereadora\/wp-json\/wp\/v2\/pages\/2897","targetHints":{"allow":["GET"]}}],"collection":[{"href":"https:\/\/tanisesabino.com.br\/vereadora\/wp-json\/wp\/v2\/pages"}],"about":[{"href":"https:\/\/tanisesabino.com.br\/vereadora\/wp-json\/wp\/v2\/types\/page"}],"author":[{"embeddable":true,"href":"https:\/\/tanisesabino.com.br\/vereadora\/wp-json\/wp\/v2\/users\/1"}],"replies":[{"embeddable":true,"href":"https:\/\/tanisesabino.com.br\/vereadora\/wp-json\/wp\/v2\/comments?post=2897"}],"version-history":[{"count":20,"href":"https:\/\/tanisesabino.com.br\/vereadora\/wp-json\/wp\/v2\/pages\/2897\/revisions"}],"predecessor-version":[{"id":22851,"href":"https:\/\/tanisesabino.com.br\/vereadora\/wp-json\/wp\/v2\/pages\/2897\/revisions\/22851"}],"up":[{"embeddable":true,"href":"https:\/\/tanisesabino.com.br\/vereadora\/wp-json\/wp\/v2\/pages\/2889"}],"wp:attachment":[{"href":"https:\/\/tanisesabino.com.br\/vereadora\/wp-json\/wp\/v2\/media?parent=2897"}],"curies":[{"name":"wp","href":"https:\/\/api.w.org\/{rel}","templated":true}]}}